+ -8)) + -151 + 117.
-30
What is (62 - 104 - 0) + -1 + 3?
-40
Calculate -12 - -10 - (26 - -5) - (1 + 1).
-35
What is the value of 1 + (-22 - -37) + 7 - 40?
-17
-44 - (-151 + 36) - 68
3
Evaluate (-7 - -29) + 4 + -26 - 24.
-24
99 + (-119 + 82 - -51) + (-1 - 22)
90
(-21 - -30 - -19) + -41 - 28
-41
(-27 - 3) + 231 + -111
90
Evaluate (-2842 - -2877) + (-1 - 60).
-26
Evaluate 147 + (3 - 24) + (-3 - -12) + 1 + -5.
131
What is -9 - -70 - ((-42 - -77) + -6)?
32
Calculate 163 - -76 - (92 - -65).
82
Evaluate -44 - (-46 - -46 - 42).
-2
(92 - 225 - -199) + -1 + 20
85
Evaluate 265 + -474 + 164 - (1 + 62).
-108
(-2 - -5) + 1 + -13 + (-821 - -811)
-19
Evaluate (2 - 7) + 0 + (11 - (-6 + 17)) + 38.
33
Evaluate 41 - (79 - (54 + -58)).
-42
What is (1 - -1) + (13 - 4 - 7) + -6 + -91?
-93
Evaluate (-54 + 8 - -52) + 39.
45
37 - 22 - 12 - 11 - (-1 + 42 - -2)
-51
Evaluate 11 - (-19 + -28 + (32 - -2)).
24
What is the value of -1 + -69 - ((-1 - 23) + 63 + (-169 - -127))?
-67
What is (0 - 2) + 6 + 7 + 29 + -25 + 37?
52
Evaluate 13 - (-48 + 32 - (-25 - 5)).
-1
Calculate -2513 - -2508 - (-22 - (-1 - 1)).
15
What is 19 + 36 + -4 + -33 + 1 + -16?
3
Calculate -2 + 63 - (83 + -113).
91
Calculate (4362 - 4423) + (1 - -28) + -37.
-69
Evaluate 1 - -14 - (8 + (9 - 21) - -41).
-22
What is the value of 42 - (50 + -55 + 116)?
-69
What is the value of (-39 - -20) + (38 - -8) + 25?
52
What is 2256 + -2258 + 0 + 91?
89
What is the value of -13 - -12 - 16 - (-109 - -1 - -1)?
90
(44 + -52 - (-1 + -3)) + -17 - -95
74
Evaluate (15 - 68) + -4 + (17 - (-5 + 11)).
-46
Evaluate -21 + (-10 - (-7 - 11) - 17) + 9.
-21
71 + (76 - -25) + -127
45
Evaluate (71 - (18 + -15 - 2)) + (3 - (3 - 5)).
75
Evaluate -9 - (11 - (-24 + 9)).
-35
-48 + (70 - -36) - 24
34
4 + (131 - (22 + -19) - 6) + -1
125
24 + 4 + 10 - (2 + 7)
29
What is -39 + -3 - (3869 - 4011)?
100
What is the value of -69 + (-3 - -3) - ((-29 - -8) + 7)?
-55
39 - (-8 + -2 + 14 + (-16 - 4) + 5)
50
What is the value of -8 + 37 + -105 - (-13 + -2 - -3)?
-64
Evaluate -1 - (-94 + 70 - (0 - 6)).
17
-16 + -11 + 29 + 13 + -23
-8
What is the value of -25 - ((2 - 36) + 9) - 59?
-59
What is 87 + (-2 + -22 - (5 - -3 - 21)) - 9?
67
What is -47 - (-31 + -49 + 53)?
-20
What is -23 - (-19 - (3 + 18))?
17
-5 - (82 - 2 - 167)
82
What is (23 - 16) + (-41 - -16 - (-2 - 1))?
-15
Evaluate 38 - (-168 - -195 - (2 + 13)).
26
Calculate (-1 + 4 - (0 - -5)) + 725 + -721.
2
What is the value of -77 - (-88 + -40 + 165)?
-114
What is the value of (18 - (-70 - (6 - -17))) + -21?
90
What is the value of (24 - (7 - -5)) + 31?
43
What is -4 - (-2 + 4 - (-48 + 1)) - -8?
-45
What is the value of -5 - 37 - 4 - (3 - ((-6 - 2) + 7))?
-50
Evaluate (-5 - -7) + ((-4 - -7) + -3 - -93).
95
Calculate -31 + (-5 + (-5 - 1) - (11 + -11 + -7)).
-35
What is 41 + 49 - (51 - -5)?
34
What is the value of -182 + 168 - (-5 + -95 + 0 + 1)?
85
What is (-8 - -11) + 36 - (3 - 0)?
36
Evaluate -2 + -8 - (3145 + -3096).
-59
What is 2 + 0 + 12 + (45 + -96 - -39)?
2
-4 + (-2 + 12 - 8) + -8 + (3 - -72)
65
What is the value of -2 + -10 - ((0 - -6 - (-41 + 52)) + 24)?
-31
Calculate -13 - (29 + 1 + (-16 + 36 - 17)).
-46
110 - (-7 - (-5 - (0 + (30 - 10))))
92
1 + 27 - (-246 + 242) - 25
7
Evaluate 13 + -4 + 12 + (-15 + 29 - 15).
20
Calculate -19 + 73 + -17 - 13 - 70.
-46
What is the value of 20 + -22 + 1 + (6 - 1) + -8?
-4
What is the value of 143 + (-1 - -8 - (191 + -176))?
135
What is the value of -30 + 29 + (-5 - (-4 - (6 + -5 + 2)))?
1
14 - ((-3 + -2 - -17) + 3)
-1
What is (-7 - (50 - 22)) + 73?
38
What is the value of 185 - 270 - (-2 + -152)?
69
Evaluate -3 - ((29 - -1) + (153 - 271)).
85
Calculate 15 + (-220 - -225) + 2 + 6 + (-4 - -4).
28
Evaluate (41 - (1 - -40)) + -31.
-31
What is the value of 32 - (7 + -10 - -22 - -2)?
11
-18 + 9 - (-6 + -19 + (-9 + 7 - 3))
21
What is (1 - (13 - (3 + -7)) - 1 - -11) + 78?
72
Calculate 37 + (-25 + 23 - 61).
-26
Evaluate -64 + (659 + -637 - (38 - 2)).
-78
Calculate 3 - -45 - ((-12 - -50) + -20).
30
Calculate (-2 - ((-2 - 2) + -3)) + -185 + 185 - 15.
-10
Evaluate (-3 - 10) + (0 + -18 - -53) + -18.
4
What is -2 - (2 + 0) - (-10632 - -10684)?
-56
Calculate -26 + (42 + -6 - (-72 + 5)).
77
What is 17 - (-13 + (28 - 62))?
64
Evaluate -13 + 149 + -59 + (5 + 0 - -2).
84
What is (-33 - -88) + (7 - (44 + -39))?
57
Evaluate 145 - 165 - (29 - 9).
-40
-29 - (-11 - (-4 + 0))
-22
(28 - 1) + -11 + 30 + -22 - 6
18
Calculate -2 + -36 + 21 + 41 - 13.
11
What is -23 + 20 + (113 - 106)?
4
Evaluate -15 + -7 + -13 + 13 - -39.
17
Calculate -33 + 3 - (185 - 182 - (2 - 5) - 2).
-34
What is -15 - (-24 - -9) - (-17 + 5 + 7)?
5
What is the value of 23 + -26 + -18 + 26 - 12?
-7
Calculate -2 + -92 + (67 - 19) + (0 - 14).
-60
Evaluate 7 - ((18 + -9 - -44) + -49 + 64).
-61
Evaluate (-2 - -3) + (47 - (71 - 22)) + -12.
-13
Calculate -47 + 7 + (-16 - -45) - (-56 + -2).
47
What is the value of -43 + (6 - (18 + -20 + -11))?
-24
(-10 - (35 + -4 + (-10 - -7))) + 0 + 4
-34
-7 - (4 + -2) - (-1021 + 1015)
-3
Evaluate -28 - -128 - 28 - 1.
71
Evaluate (-72 - (-36 - -51)) + (17 - (4 - (-1 + 0))).
-75
What is 11939 - 11905 - (-4 - -1)?
37
Calculate -4157 + 4234 + (-17 - 3).
57
Calculate 82 - (-3 + 2 - (66 - 64)).
85
14 + -57 + 9 - -55
21
What is the value of 11 + (-38 - (-6 + 19 + (-7 - 6))) + -11?
-38
2 + (2 + 0 - (9 - 0)) + -12
-17
Evaluate (3 - 13 - -1) + -33 + (26 - -6) - 3.
-13
What is the value of -18 + 80 + (-79 - -20)?
3
Evaluate 114 + 6 + -42 - 8.
70
What is the value of (-10 - 0) + 1 - (414 - 218 - 197)?
-8
Calculate -21 - 10 - (-19 + -20 + 17).
-9
What is the value of 40 + -69 + -6 - -68?
33
What is (317 - 325) + -46 + 3?
-51
-107 - -56 - (8 + -121)
62
What is (11 - 85) + (17 - -17)?
-40
5 + (2 + -44 - (26 + -17)) - (39 - 41)
-44
What is 391 + -254 - (0 - -57) - (7 + 1)?
72
What is (42 + -37 - 3) + (5 - 5)?
2
What is the value of -44 + 7 + (11 - 43) + -3?
-72
What is the value of -34 + (-5 - (-245 + 238 - (-1 - 0)))?
-33
What is -64 - (40 - 34 - 56)?
-14
What is the value of 36 - (-41 + (-6 - -37))?
46
What is (5 + 13 - (12 + -1)) + (10 + 1 - -122)?
140
Calculate -2 + (-6 - -2 - 3) + (4 - (28 + -57)).
24
What is the value of (-3 - (3 + -7)) + (-6 - -1 - -13) + -48?
-39
Evaluate -1 + 6 - (44 - (-61 - -82)).
-18
What is 19 - (3 + -21 - -1)?
36
What is the value of -10 - (-34 + -5 - -22) - -29?
36
What is the value of -6 + 31 + (9 - (-1 + 11) - (-11 + 1))?
34
What is (-102 - -123) + -10 + (0 - 0) + 73 + -13?
71
What is the value of -4 - (-47 - -51 - (-31 + 37 + (4 - 1)))?
1
Calculate 29 + (-107 - -167) + -17.
72
What is the value of -28 - (49 - (5 - (29 + 0)))?
-101
38 + (-17 - 25) + (-41 - (1 - (-2 - -1)))
-47
What is (0 - 40) + 0 - (-94 + 142 + -60)?
-28
What is 22 + (-26 - (-67 + 64))?
-1
What is the value of (-13 - 1 - -5) + (-1 - (-5 + 61 - -13))?
-79
Calculate (-5433 - -5441) + (-22 - 0).
-14
Evaluate 15 + (69 - (7 + 29)) + 39.
87
What is 13 + -1 - (32 + -24 - 1) - (16 + 3)?
-14
What is the value of 459 + -391 - (-3 + (-12 - -49))?
34
Evaluate (23 - 4 - 60) + 119.
78
-9 - 35 - (-48 - 68)
72
1 - (2 + -5 + -12 + (-2 - -18))
0
(-6 - (-25 - -5)) + 11 + 2 + -25 + 28
30
(0 - 0) + 1 + -2 + (19 - 10) + -12
-4
(17 - 13) + 1 + 62 + -1 + -93 + 91
64
Calculate -15 + 8 + (8 - 24) - -11 - -80.
68
What is -3 + -8 - -3 - (17 - (57 - 17))?
15
What is -23 + (13 - (18 - -4)) + 15?
-17
Evaluate -11 + 8 + -3 + 0 + 4 + -11.
-13
-4 + -9 + -7 + (2 - 1) + 115
96
What is the value of -64 + 1 + -9 + 2 - (84 - 72)?
-82
Calculate 101 - 0 - (76 + (-228 - -179)).
74
2 + -6 - ((-4 - -21) + 23 + -22)
-22
Evaluate (-24 + 8 - -75) + -39.
20
(-22 - (85 - 21)) + 12 + 1
-73
What is -14 + (-18 - -13) + -16?
-35
(52 - (-149 - -63)) + -54
84
Evaluate -6 + -54 + -2 + (2 - -13 - -7).
-40
Calculate -32281 - -32355 - ((-1 - -2) + -6 + (9 - 9)).
79
Evaluate 2 - -10 - (235 + -248).
25
Evaluate 36 - (-4 - -6 - (3 + -2) - (-271 - -259)).
23
Calculate 5 + (-15 + -20 - -45).
15
What is the value of 19 + 232 + -202 + -9 + -1?
39
What is -1 + 31 + (-5338 - -5269)?
-39
Evaluate 1 + (-23 - -31 - 3) - (31 + -1).
-24
44 + -75 - -69 - 38 - -4
4
Evaluate 0 - (-17 - (-15 + -8)).
-6
Calculate 32 + -32 - (14 + 49 + -8 + -17).
-38
Evaluate (58 - 170 - -13) + 146.
47
-58 + (-42 - -41) - -25
-34
What is 114 - (58 + (136 - 210))?
130
What is -1 + -16 + 19 + -19 + (2